 - -384. What is the hundreds digit of d?
1
Let y(f) = f**2 - 3*f - 6. Let v be y(6). Let q be ((-5)/((-10)/v))/(-1). What is the units digit of q/2*(-98)/21?
4
Suppose 12 = -4*f, 4 = -u - 5*f + 2*f. Suppose 0 = -u*b + 3*r + 1, -2*b + 3*r + 4 = 9. Suppose -x = -b*x + 10. What is the tens digit of x?
1
Let a = -1 + 7. What is the units digit of (4/(-5))/(a/(-15))?
2
Let z(i) = i**3 + i**2 + 2*i - 3. Let f(a) = -a**2 - 14*a - 11. Let k be f(-13). What is the units digit of z(k)?
3
Suppose -12*i = -20*i + 888. What is the tens digit of i?
1
Let b be (2 + -3)/1 + 1. Let d be (-1 + b - -2) + -1. Let n = d + 11. What is the units digit of n?
1
Let u = -62 + 101. What is the tens digit of u?
3
Let d = 21 - -142. Suppose -5*b - a + d = -0*a, -3*a = -b + 23. What is the tens digit of b?
3
Suppose -u = 5*n - 59, -n + 0*n - 2*u + 19 = 0. Suppose -4*v = -n - 25. What is the units digit of v?
9
Suppose -t - 5*q = -73, 4*t - q - 202 = -3*q. What is the tens digit of t?
4
What is the units digit of 2 - (-2 + (-12)/3)?
8
Let g(m) = m**2 - m. Let z be 2/8 - 4/16. Suppose -b - 4 + 2 = z. What is the units digit of g(b)?
6
Let y(x) = -23*x + 1. What is the tens digit of y(-2)?
4
Let m = 1 - -2. Suppose m = -l + 2, -3*z + 7 = -l. Suppose -5*k = -5*u + 30, -4*u - 4*k + 18 = -z*u. What is the units digit of u?
7
Let k(f) = 2*f - 2. Let d be k(2). Suppose 3*y - 5*q = 48 + 38, -d*y - 2*q + 52 = 0. What is the tens digit of y?
2
Let x be (-51)/6*(-2 - 8). Suppose -n + 4 = 3, x = 4*d + 5*n. Let a = d + -12. What is the units digit of a?
8
Suppose 0 = -k - 1 + 17. Suppose 29 = 5*s - k. Suppose w - y - s = y, 9 = 3*w + 3*y. What is the units digit of w?
5
Let b(i) = -i + 7. Let q be b(8). Let c = 2 - q. Suppose c*o + r = 22, 5*o + 2*r = 2*o + 17. What is the units digit of o?
9
Let o(n) = -4*n + 8. Suppose 2*y + l + 13 = 0, l = -3*y + 5*l - 25. What is the units digit of o(y)?
6
Suppose h - 10 - 11 = -3*a, -5*h = a - 133. What is the units digit of h?
7
Let j(r) = 2*r**3 - 2*r**2 + r - 1. Suppose 3*u = 5*h - 4, 0 = 7*h - 8*h + 2. What is the units digit of j(u)?
9
Let q(u) = -4*u. Let f be q(-2). Suppose -4*k = -f*k + 8. What is the units digit of k?
2
Let m(b) = -5*b + b**3 + 8 - 11*b**2 - 3*b + 4*b**2. What is the units digit of m(8)?
8
Let p(l) = l + 13. Let b be p(-10). Suppose -v + b = -33. What is the tens digit of v?
3
Let u be (-2)/4*(-11 - -3). Suppose -13 = -3*k - u. What is the units digit of k?
3
Let p = -25 - -39. What is the units digit of p?
4
Let q = -5 + 8. Suppose 0 = -2*r + 5*p + 20, -3*r + 0*p + q*p = -12. Suppose r = -b + 8 - 1. What is the units digit of b?
7
Let c(u) be the second derivative of -5/2*u**2 + 0 - 1/6*u**4 - u - 1/2*u**3 + 1/20*u**5. What is the tens digit of c(4)?
1
Let d be (0 + (3 - 2))*60. Suppose -d = -0*o - 3*o. What is the tens digit of o?
2
Let m = 4 + -4. Suppose s - 2 + 7 = m. What is the units digit of s/(15/(-18)) + 0?
6
Suppose -4*s + 146 + 6 = 0. What is the tens digit of s?
3
Suppose -17 = -4*z + 15. Let u = -4 + z. What is the units digit of u?
4
Suppose 5*g + 0*g = 0. Suppose 7*d - 2*d - 55 = g. What is the tens digit of d?
1
Let n = 15 + 20. What is the tens digit of n?
3
Let q be 12/(-16)*4/(-1). Suppose 2*l - q*l + 26 = 0. What is the units digit of l?
6
Let m = -16 + 12. What is the units digit of (-54)/(-10) - m/(-10)?
5
What is the units digit of (38/3)/(-1*(-2)/6)?
8
Let h(c) = 4*c + 3*c - 2*c + 1. Let u be h(1). Suppose -u + 26 = 4*g. What is the units digit of g?
5
Let l be (-7)/3 - 2/3. Let b be (4/l)/((-2)/(-15)). Let r = -5 - b. What is the units digit of r?
5
Suppose 2*x + 10 = 0, 3*l - 18 = 2*l + 5*x. Let t = l + 1. Let o = -3 - t. What is the units digit of o?
3
Let j(k) = k**3 - 5*k**2 + k + 11. What is the tens digit of j(6)?
5
Let z be 0 - (-4)/(-2 + 4). Suppose -2*l = -4*c + 142, -5*l - 188 - z = -5*c. What is the tens digit of c?
3
What is the tens digit of 78*(42/9 - 4)?
5
Suppose 4*f - 2*x + 95 = 19, -95 = 5*f - 2*x. Let z = -8 - f. Suppose 66 = 5*s + z. What is the tens digit of s?
1
Let m(o) = o**3 - 6*o**2 + o - 1. Let g be m(6). Let v(n) = n**2 - 6*n + 5. Let k be v(g). Let j = 1 + k. What is the units digit of j?
1
Let x(c) = c**3 + 2*c + 217. What is the hundreds digit of x(0)?
2
Let x(s) = -s**2 + 7*s - 4. Let f(j) = -j**2 + 9*j + 4. Let r be f(6). Let n = r - 16. What is the units digit of x(n)?
2
Let n(k) = 2 + k + 2 + 5. What is the units digit of n(-4)?
5
Suppose 0 = -2*d - 4*k + 4 + 20, 24 = 4*d - 4*k. What is the units digit of d?
8
Suppose -4*s = n + 7, 3*s = n - 7 - 0. What is the tens digit of n/(-3 - (-174)/57)?
1
Suppose -3*t = -b - 3*b - 49, 0 = 5*b + 3*t + 68. Let g = b + 15. What is the units digit of g?
2
Suppose -4*m + 2 = 6. Let f be 2 - (1 - m/1). Suppose f*q + 36 = 2*q. What is the units digit of q?
8
Suppose 326 = 17*j - 15*j. What is the hundreds digit of j?
1
Let f = -30 + 40. What is the units digit of f?
0
Suppose 5*v = 9*v - 236. What is the tens digit of v?
5
What is the units digit of (0 + 1)*(-248)/(-4)?
2
Suppose -b + 1 = -48. Suppose 4*t + 9 = b. Let g = 1 + t. What is the tens digit of g?
1
Suppose 5*k - 4*k - 38 = 0. What is the units digit of k?
8
Suppose 2*x + 96 - 270 = 2*i, -2*x - 4*i + 168 = 0. What is the units digit of x?
6
Let s be 1/3 - 6/(-9). Let d be ((-15)/3)/(s/(-2)). Suppose -5*t + 15 = -d. What is the units digit of t?
5
Let n = -22 + 31. What is the units digit of n?
9
Let x = -24 + 57. Suppose -x = -4*i - 5*z, i = -7*z + 2*z + 27. Suppose -k - 3*u + 18 = 0, -i*u + 7*u = k - 2. What is the units digit of k?
2
Suppose 0 = 3*r + 2*r - 260. Suppose 4*m - 28 - r = 0. Suppose -5*v - m = -3*h, h - v - 6 = v. What is the tens digit of h?
1
Let w(h) = -h**3 - 8*h**2 + 8. What is the units digit of w(-8)?
8
What is the hundreds digit of (-2 - -2) + (2 - 2 - -245)?
2
Let m(b) = -b + 9. Let p(t) = -t. Let i(z) = -m(z) - p(z). What is the tens digit of i(13)?
1
Let x(r) = 3*r**3 - 8*r**2 + 8*r - 1. What is the hundreds digit of x(5)?
2
Suppose 5 = 2*a - 4*a - 3*u, 0 = -4*u - 12. Suppose a*l + 9 = 3*l. Suppose 5*b - 33 - l = -4*z, 0 = z - 3*b - 2. What is the units digit of z?
8
Let v(m) = 22*m - 9. What is the tens digit of v(8)?
6
Suppose 5*n = -3*b + 209, b - 3*n = 5*b - 286. Suppose -3*g + 2*r + 31 = 0, -20 = 5*g - 3*r - b. What is the units digit of g?
3
Let l(m) = m + 1. Let p(n) = -n**2 - 7*n - 1. Let s be p(-4). Let i = -4 + s. What is the units digit of l(i)?
8
Let l = -295 + 461. What is the tens digit of l?
6
Let t = -7 + 10. Suppose -5*o = -10, -t*o = -3*j - o + 2. What is the units digit of j?
2
Let n(h) = h**3 - 7*h**2 + 2. Let j be n(7). Suppose -4*c + 104 = -j*f, f - 185 = -5*c - 69. What is the tens digit of c?
2
Let w = 13 + -10. What is the units digit of 1 + 1 - -8 - w?
7
Let q(o) = 8*o**2 + 5*o - 9. What is the tens digit of q(5)?
1
Let x(h) = -7*h - 2. Let d be x(-1). Let r = d + 23. What is the units digit of r?
8
Suppose 3*t - 819 = r + 3*r, -5*t + 1336 = 3*r. What is the units digit of t?
9
Let v = 1 - -86. Suppose 5*q - v = 2*q. Let d = q + -17. What is the units digit of d?
2
Suppose 5*c + 37 = -5*r - 18, 5*r + 41 = -3*c. Suppose -y - y - 18 = 0. Let x = c - y. What is the units digit of x?
2
Let r(d) = -d**3 + 6*d**2 - 5*d + 4. Let x be r(5). Let a(w) = w - 1. Let g(p) = 5*p + 1. Let u(l) = -4*a(l) + g(l). What is the units digit of u(x)?
9
Suppose -4*w + v + 200 = 5*v, -4*w + 176 = -2*v. What is the units digit of w?
6
Let c = 76 - 23. Suppose -a - 4*o - 4 = -38, 2*a + 3*o = c. What is the units digit of a?
2
Let w = 2 - 8. What is the tens digit of (-154)/(-12) + (-1)/w?
1
What is the hundreds digit of 4/10 + 622*(-3)/(-10)?
1
Let p be -14*(-1)/2 + -3. Suppose 4*r = 4*i - r - 63, -p*r - 24 = -i. What is the units digit of i?
2
Suppose 18 + 14 = 4*m. Suppose 12 = 4*u - m. What is the units digit of u?
5
Suppose -4*i - 56 = -8*i. What is the units digit of (-21)/i + (-33)/(-2)?
5
Let c = -40 - -27. Let q = c - -19. What is the units digit of q?
6
Suppose 1 = 4*c - 3. Suppose -3*r = 4*z + 13 - c, -4*r = -5*z + 16. Suppose s = -w + 10, z = -2*s + 5*w - 16 + 1. What is the units digit of s?
5
Let x = -6 - -9. Suppose -5*i + 56 = -x*i. What is the units digit of i?
8
What is the units digit of (1 + 2 + -2)/(9/198)?
2
Suppose x